 when 93 is divided by (-6 - -3)*n/(-6).
13
Let w(o) = -o**3 + o**2 - o - 2. Let u = 26 - 29. What is the remainder when w(u) is divided by 1/(-2 + 54/26)?
11
Let n be 2/(-12) + (-57)/(-18). Suppose -n*v - v = -4. What is the remainder when 19 is divided by (-8 + -2)/(-1*v)?
9
Let j = 33 + 48. Calculate the remainder when j is divided by 3.
0
Suppose 6*k + 3*k = 306. Calculate the remainder when 54 is divided by k.
20
Let d be ((-4)/(-8))/((-2)/(-884)). Calculate the remainder when d + 18 + (-2 - -2 - -4) is divided by 35.
33
Suppose -3*z = -2*j + 2, -4*z = 2*j - j - 12. Suppose -9*a = -j*a - 20. Calculate the remainder when 98 is divided by (a/2 + -27)/(-1).
23
Suppose 8*q = 3*q + 160. Let r = 39 + q. What is the remainder when r is divided by 18?
17
Let b(k) = -k**2 + 3*k + 11. Let u be b(0). Suppose 20 = -u*d + 7*d, -2*c + 66 = -4*d. Calculate the remainder when 38 is divided by c.
15
Let j(s) = 2*s - 6. Let k be j(4). Suppose -3*m + m = -104. Suppose 4*p - 62 = -p + z, 4*p - k*z = m. Calculate the remainder when 21 is divided by p.
9
Suppose -5*g = -5*z + 224 + 281, 0 = z + g - 91. Let s be 7 + -5 - -2*1. Suppose -z - 20 = -s*v. What is the remainder when v is divided by 6?
5
Suppose -2*x + 5*m = -3*x + 15, -5*x - m = -27. Suppose -x*j = -2*j - 99. Calculate the remainder when j is divided by 9.
6
Suppose 2*r = 5*r + 291. Let m = r + 104. What is the remainder when 10 is divided by m?
3
What is the remainder when (-433)/(-3) - (-1)/(-6)*2 is divided by 39?
27
Let q(c) = c**3 - 10*c**2 - 14*c + 25. Calculate the remainder when q(12) is divided by 74.
71
Suppose -21 = 10*u + 99. Calculate the remainder when ((-2)/4)/(u/240) is divided by 7.
3
Let o(b) = 6*b**2 - 2 - b**3 + 3 - b**2 - 4*b - 4. Let u be o(4). Calculate the remainder when (-9 - u)*(-14)/2 is divided by 22.
20
Let y be (-46)/(-8) + 5/20. Suppose y*x = 480 - 144. Calculate the remainder when x is divided by 15.
11
Let c = 4 - -611. Suppose c = 4*t - 0*p - p, p = -t + 150. Suppose -2*u + 3*k + 123 - 42 = 0, 2*u + 4*k = 74. What is the remainder when t is divided by u?
36
Let z = -34 + 36. Suppose 0*b + 3*b = 5*x - 312, 132 = z*x - 3*b. What is the remainder when x is divided by 16?
12
Suppose 19*x - 21*x + 18 = 0. What is the remainder when 41 is divided by (x/6*2)/(3/7)?
6
Let v(g) = 2*g + 6. Let i be v(-7). Let n = i - -10. Suppose 8 = 4*b, -5*a - 4*b + n*b = -369. Calculate the remainder when a is divided by 19.
16
Let v(w) = w**2 - 4*w - 7. Let s be v(7). Let g = 18 - s. Suppose -27 = -g*p + p. Calculate the remainder when 16 is divided by p.
7
Let i(t) = 51*t + 284. Calculate the remainder when 549 is divided by i(-5).
27
Let j(r) = -24*r + 3. Calculate the remainder when j(-3) is divided by 33.
9
What is the remainder when -7 + 8736/8 + 10 is divided by 6?
3
Let u(c) = 2*c**2 + 7*c + 8. Calculate the remainder when u(-5) is divided by 8.
7
Suppose 7*q + 0*q = -84. Let t = q + 36. Calculate the remainder when 94 is divided by t.
22
Let w = -21 - -21. Calculate the remainder when w - 2/(-1) - -3 is divided by 3/1 + 0 + -1.
1
Let v be (6/(-7))/(6/(-42)). Suppose -v - 2 = -2*l. Calculate the remainder when (-4)/(-3)*15/2 is divided by l.
2
Suppose -56*q + 55*q + 295 = 0. Calculate the remainder when q is divided by 33.
31
Suppose -6*s = -s - 1555. Calculate the remainder when s is divided by 26.
25
Suppose 3*s - 240 = -2*s. Suppose -12*y - 114 = 18. What is the remainder when s is divided by 2/11 - 108/y?
8
Let g be 1 + 0 + 0 - -11. Suppose -5*z + r = -64, -z + 5 = 4*r - g. What is the remainder when z is divided by 8?
5
Let s(r) = -16*r + 3. Let f be s(9). Let g = -92 - f. What is the remainder when g is divided by 13?
10
Let f(y) = y**3 - 7*y**2 + 3*y - 8. Let h be f(7). Let c = h + -6. Let v(i) = -i**3 - 11*i**2 - 2*i - 11. What is the remainder when v(-11) is divided by c?
4
Suppose 5*m = -20, m + 11 = -n + 112. Let k = 495 + -468. What is the remainder when n is divided by k?
24
Let c(q) = -q. Let j be c(-9). Suppose j*n + 846 = 6*n. Calculate the remainder when 6/10 + n/(-5) is divided by 20.
17
Suppose -17*y + 27 = -109. Calculate the remainder when 16 is divided by y.
0
Suppose 12*o - 327 = 177. Calculate the remainder when 710 is divided by o.
38
Let s = 52 - 37. Let g = 133 + -43. Suppose 5*l - 125 - g = 0. What is the remainder when l is divided by s?
13
Suppose 46 + 39 = 5*r + 5*v, 0 = -v - 4. Let o be -1*(-46 - (3 - 2)). Suppose o + 35 = s. Calculate the remainder when s is divided by r.
19
Let z be 4 - 3*(0 - 1). Let r be (-2 + z)*(-5)/(-5). Calculate the remainder when 10 is divided by r - (-2 - 6/(-2)).
2
Let u be 12/(-16) - (-262)/8. Suppose -2*s - u = -4*d, 3 = 2*d + 2*s - 13. Let b(a) = 2*a**2 + 2*a + 1. Calculate the remainder when d is divided by b(-2).
3
Let m(p) = 6*p**2 + 15*p - 50. Let x be m(5). Suppose x = 4*k - 41. What is the remainder when k is divided by 14?
12
Let n = 472 + -270. Calculate the remainder when n is divided by 29.
28
Suppose -4*d - 5*t + 23 = -44, -5*t - 5 = 0. Calculate the remainder when 80 is divided by d.
8
Let g(k) = 6*k - 15. Let s = 639 - 608. Calculate the remainder when s is divided by g(6).
10
Let h = -66 + 62. Calculate the remainder when (-1 + (-1)/h)*(-1968)/12 is divided by 32.
27
Let w = -70 + 80. Calculate the remainder when w is divided by 10.
0
Let i = 2 + 4. Suppose c - 4*y = -10, -3*c + 3*y = 4*y - 9. What is the remainder when i is divided by c?
0
Let g = -64 + 104. Suppose -4*a - 1102 = 25*a. Let r = g + a. Calculate the remainder when r is divided by 2.
0
Let z(i) = i**2 + 2*i. Let a(y) = -2*y. Let s(v) = 3*a(v) + 4*z(v). Let d be (-6)/4*(-2)/(-1). What is the remainder when 59 is divided by s(d)?
29
Let y(w) = -2*w**2 + 11*w. Let z be y(4). What is the remainder when 304/z*(-6)/(-4) is divided by 5?
3
Let t be (3*1)/((-3)/(-20)). Suppose -3*v = -7*v + 5*p + t, -5*v + 2*p + 8 = 0. Suppose -a + v = -5. What is the remainder when 18 is divided by a?
3
Suppose 12 = 9*i - 6*i, -2*i + 12 = -4*d. Let o(q) = -38*q**3 - 2*q**2 + 2*q + 3. What is the remainder when 65 is divided by o(d)?
28
Suppose -m + 3*m + 6 = 0. Let v be 7/((-21)/(-30))*m. Calculate the remainder when (68/(-5))/(12/v) is divided by 9.
7
Suppose 175 = 3*l - 0*l - 2*u, 0 = 2*l + 3*u - 108. Let m = l - 24. What is the remainder when 63 is divided by m?
30
Let c(m) = -m**3 - 5*m**2 + 3*m + 7. Let q be c(-6). Suppose 3*k - q = -t - 4, -26 = -4*k - 2*t. Calculate the remainder when 27 is divided by k.
3
What is the remainder when 103 is divided by (-340)/(-12) - (-12)/(-9)?
22
Calculate the remainder when (-139)/(-1) - 720/80 is divided by 58.
14
Let b(s) = -2*s**2 - 72*s - 8. Calculate the remainder when b(-35) is divided by 32.
30
Let u(l) = -l**2 + 41*l - 149. Calculate the remainder when u(36) is divided by 19.
12
Let z(t) = t**3 - 15*t**2 + 14*t + 8. Let k be z(14). Suppose -k + 33 = 5*g. Suppose 0 = -g*p - 81 + 266. What is the remainder when p is divided by 13?
11
Suppose 5*w + 4*t = 8*t + 130, -w + 26 = -3*t. Calculate the remainder when 177 is divided by w.
21
Suppose -u = -3*p - 61, 4*u + 2*p = 8*u - 214. Suppose -2*o + 64 = -u. What is the remainder when o is divided by 12?
10
Let x(g) = 18 + 11 - 8*g + 9*g + 3. Calculate the remainder when x(13) is divided by 16.
13
Suppose 4*r - 84 = 3*x + x, 0 = r + x - 27. Suppose 4*y - 6*y + 168 = 0. What is the remainder when (10/6)/(2/y) is divided by r?
22
Suppose 15*a = 177 + 648. Calculate the remainder when a is divided by 17.
4
Let o = 1332 + -1299. What is the remainder when 41 is divided by o?
8
Suppose 2*q + 4 = -4, -2*q - 23 = -3*l. What is the remainder when 5 is divided by l?
0
Let b = 12 + -12. Suppose o + 3*o = b. Suppose o = -5*k + 10*k - 75. Calculate the remainder when 57 is divided by k.
12
Suppose -2*s = -6, 4*s = 2*d + 8*s - 54. Let l be 91/d - (-2)/(-6). Suppose l*v - 12 = -0*v. Calculate the remainder when 9 is divided by v.
0
Suppose d + 217 = 2*k - 125, 4*k = d + 682. What is the remainder when k is divided by 59?
52
Suppose 0 = -x + 17 - 2. Let g = -833 - -836. What is the remainder when x is divided by g?
0
Let l(w) = w**3 + 4*w**2 + 3*w + 1. Let i be l(-3). What is the remainder when 440/14 - 4/(-7) is divided by i*(-38)/(-2) + -2?
15
Let f be -240 + ((-4)/(-1) - (9 + -5)).